 2 + 11 = b. What are the prime factors of u?
13
Suppose 5*w - 2 - 3 = 0. Let d be (2 - w)*(56 - 1). Suppose -m + 6*m - d = 0. List the prime factors of m.
11
Let l = -16 - -44. What are the prime factors of l?
2, 7
Let b be 1/(-1*3/(-12)). Let v = b + -1. Suppose -m = v*m - 32. What are the prime factors of m?
2
Suppose o + 228 = 3*i + i, -2*o + 124 = 2*i. Suppose 2*k + 3*v - 16 = 0, 0*k - 5*k + i = 3*v. What are the prime factors of k?
2, 7
Let z = -40 + 62. Suppose -97 - 49 = -4*j + 2*t, 70 = 2*j - 2*t. Let x = j - z. List the prime factors of x.
2
Let t(n) = 125*n - 3. List the prime factors of t(3).
2, 3, 31
Let a be (5/(-3))/((-4)/12). Let r = -2 + a. What are the prime factors of r?
3
Let y(j) = 5*j**2 + 7*j - 12. Let q(p) = -4*p**2 - 6*p + 13. Let h(u) = 6*q(u) + 5*y(u). Let w be h(0). Suppose f = -f + w. What are the prime factors of f?
3
Let q(m) = -5*m**3 + 2*m**2 - 2*m + 1. Let d be q(1). Let g be (-2)/1 + 7 + -10. List the prime factors of ((-28)/g)/(d/(-10)).
2, 7
Let v = 3 - 3. Let o = v + 3. Suppose d - o*d = -8. What are the prime factors of d?
2
Suppose 3 - 13 = -2*b. Suppose 2*z = b*z - 156. Suppose 2*v + f = 25, -4*v - f + z = 5. List the prime factors of v.
11
Let u = 64 + -28. Suppose -j + u = 2*j. List the prime factors of j.
2, 3
List the prime factors of 0 - -4*2/4.
2
Let o be 51/12 - (-1)/(-4). Suppose y + y + 3*d - 55 = 0, 4*y - o*d - 60 = 0. What are the prime factors of y?
2, 5
Let b(f) = f**2 - 6*f - 11. Let z be b(8). Suppose -5*o = 5*u + 10, 2*u - z*u + 29 = -4*o. List the prime factors of u.
3
Let s = 81 + -39. What are the prime factors of s?
2, 3, 7
Suppose 3*p - 46 = 2*s, 5*p + s - 48 = 20. What are the prime factors of p?
2, 7
Let p(x) be the third derivative of 5*x**4/12 - 7*x**2. Let z(h) = h - 1. Let j be z(3). List the prime factors of p(j).
2, 5
Suppose 2*x + 125 = 7*x. Suppose -16 = -4*v, i - 4*v = -9*v + x. Let l(d) = -d**2 + 7*d - 1. List the prime factors of l(i).
3
Suppose -2*h = -h - 2*j - 45, -h - 4*j = -27. List the prime factors of h.
3, 13
Let h(a) = a**2 - 5*a. What are the prime factors of h(8)?
2, 3
List the prime factors of (-3)/9 + 272/6.
3, 5
Let d be 35/4 + (-8)/(-32). Let r be d/5 - (-1)/5. Suppose a - 2*n - 27 = 2*n, 0 = 3*a - r*n - 41. What are the prime factors of a?
11
Suppose -78 + 3 = -5*j - 2*i, j + 4*i = 33. List the prime factors of j.
13
Let z(o) = 72*o + 1. What are the prime factors of z(2)?
5, 29
Let u(b) = -10*b + 8. List the prime factors of u(-4).
2, 3
Let d = -197 - -353. List the prime factors of d.
2, 3, 13
Suppose 2*k + k = 6. Suppose -k*i - 170 = -7*i. What are the prime factors of i?
2, 17
Suppose -4*n + 2*t + 36 = -3*t, 16 = -4*t. Suppose k + n*s = 0, -2*k + 0*s - s + 28 = 0. Suppose m = -m + k. What are the prime factors of m?
2
Suppose -272 - 130 = -6*b. What are the prime factors of b?
67
Let j(f) = -f - 2. Let h be j(0). Let i = -1 - h. Let u(t) = 9*t**2 - 2*t + 1. List the prime factors of u(i).
2
Let q = 11 + -6. Suppose -y - 4 = 2*y + q*o, -o = -3*y + 26. Let r = 0 + y. List the prime factors of r.
7
Suppose 0 = 5*n + 2*b - 145, b + 198 - 38 = 5*n. What are the prime factors of n?
31
Let u = -15 - -8. Let g = u + 11. Let o = g - 2. What are the prime factors of o?
2
Suppose f + 0*f = -3. Let y(h) be the third derivative of h**5/30 + h**4/8 + h**3/3 + 3*h**2. What are the prime factors of y(f)?
11
Suppose -u - 4*n + 119 = 0, 4*u + 2*n = 675 - 157. What are the prime factors of u?
131
Suppose 4*s = 6*s + 5*l - 25, 15 = -5*l. What are the prime factors of ((-9)/5)/((-6)/s)?
2, 3
Suppose -x = 4*x + z - 64, 4*x - 3*z = 36. Suppose -2*i = y - 22, 2*i = 3*i + y - x. What are the prime factors of i?
2, 5
Suppose -5*l = -2*o - o - 82, 4*l - 5*o = 63. Let b = l + -10. What are the prime factors of b?
7
Let t(s) = 14*s**2 + 1. Let h be (2/(-4))/((-2)/(-4)). What are the prime factors of t(h)?
3, 5
Let w(n) = n - 1. Let a be w(6). Suppose 2*k = -g + a + 16, -4*k + 5*g = -63. Suppose -2*c + c = -k. List the prime factors of c.
2, 3
Suppose -5*k - 4 - 1 = 0, k = 3*l - 106. List the prime factors of l.
5, 7
Suppose 5*v - 1279 = -99. List the prime factors of v.
2, 59
List the prime factors of (3 - 49)*1*-1.
2, 23
Suppose 20 = 5*y, -7*a - 3*y = -2*a - 22. Suppose 0*o + 4*o - 12 = 0. Suppose o*n - 39 = -2*t, -a - 7 = -t + 2*n. What are the prime factors of t?
3, 5
Suppose -3*x + 4*i + 16 + 370 = 0, 0 = -4*x + 2*i + 518. What are the prime factors of x?
2, 5, 13
Let s = 90 + -35. What are the prime factors of s?
5, 11
Let l be 2/9 + 924/(-27). Let b = l + 13. Let c = b - -29. What are the prime factors of c?
2
Let r be (-14)/49 - (-2)/7. Suppose -3*g + 3*n + 60 = r, -2*g + 25 = 2*n + n. What are the prime factors of g?
17
Let f(z) = -6 + 2 + 5*z + z**2 - 5. What are the prime factors of f(-8)?
3, 5
Let f be (-9 + 0 - 3)/(-2). Suppose 9*t - 132 = f*t. List the prime factors of t.
2, 11
Let c(x) = 5*x**3 - 9*x**2 + 8*x + 9. Let q(r) = 6*r**3 - 9*r**2 + 8*r + 9. Let h(l) = 5*c(l) - 4*q(l). Let t = 10 - 2. What are the prime factors of h(t)?
3
Suppose 4*p = -p + 5. Suppose 4*j = -p + 25. List the prime factors of (-59)/(-7) - j/14.
2
Let z(q) = 11*q**2 + q - 3. List the prime factors of z(-2).
3, 13
Suppose 3*u + 2*u - 160 = 0. List the prime factors of u.
2
List the prime factors of 63/6*(-4 + 400/15).
2, 7, 17
Let k = 5 - 1. Let a = k - -1. List the prime factors of a.
5
List the prime factors of (4/3)/(2/54).
2, 3
Let c(u) be the third derivative of u**6/8 - u**5/60 + u**4/12 - u**3/3 + 7*u**2. List the prime factors of c(1).
2, 7
Let m = 30 + -13. List the prime factors of m.
17
Suppose 10 = -c - 3*b, -2*b - 3*b = -c + 30. Let h = 0 - c. What are the prime factors of ((-3)/2)/(h/10)?
3
Let z(s) = 4*s**2 - 2*s + 1. Let k be (3/(-9))/((-1)/6). Let x be z(k). Suppose -4*m + 27 = 4*g - x, -3*g = -m - 10. List the prime factors of m.
5
Suppose 13 = 5*p - 7. Suppose 5*r = -0*d + 2*d - 59, -63 = -p*d - r. Suppose 4*o - d = 7. List the prime factors of o.
2, 3
Let k(m) = m**2 + 7*m + 6. Let f be k(-6). Suppose f = -0*x + 2*x - 74. List the prime factors of x.
37
Let c(x) = x**2 + 6*x - 3. Let f be c(-7). Suppose 0 = 2*n - f*u - 46, -u = -n + 2 + 20. What are the prime factors of n?
3, 7
Let l be (-1 + 10)*(-14)/3. Let c = 74 + l. What are the prime factors of c?
2
Let z(k) = -k**3 + 3*k**2 + 2*k - 4. Suppose 0 = -7*b + 3*b + 12. Let x be z(b). Suppose -3*r = x*o - 6, -2*r - 6 + 0 = -2*o. What are the prime factors of o?
3
Suppose -2*m + 141 + 121 = 0. What are the prime factors of m?
131
Let a(k) = -k**3 + 5*k**2 + 2*k - 5. Let h be a(5). Suppose -75 = -5*z - 3*y, 4*z + 0*y = h*y + 60. What are the prime factors of z?
3, 5
Suppose 2*d - 31 = 85. What are the prime factors of d?
2, 29
Suppose 4*n + 0*o = 5*o + 72, 0 = 5*n - 5*o - 90. What are the prime factors of n?
2, 3
Suppose -5*q = -5*p + 45, -3*p - 4*q + 2*q + 27 = 0. Suppose -3*h = -a + p, -a - 3*h = 2*h - 25. List the prime factors of a.
3, 5
Let u(m) = m**2 - 4. Let b be u(5). Suppose -4*i - 1 = -b. Suppose -h - 88 = -i*h. What are the prime factors of h?
2, 11
Suppose -2*x = 4*r - 98, -83 = -0*r - 4*r - 5*x. List the prime factors of 10/(-45) + 789/r.
29
Let p(v) = v**3 - 2*v**2 + v - 3. Let t be p(3). Let u = 0 + t. What are the prime factors of u?
3
Let v be (-188)/(-8) + 2/(-4). Suppose 4*j - 40 = -3*b, j - v - 26 = -4*b. What are the prime factors of b?
2, 3
Let k be (-2 - (-2)/1)/1. Suppose -s + 5*s - 56 = k. What are the prime factors of (0/3 - s)/(-1)?
2, 7
Suppose -3*n + 5*n = 420. List the prime factors of n.
2, 3, 5, 7
Suppose k = -2*k + 21. Suppose 2*f - 10 = -5*h, 3*h + 5*f = -0*f + 6. Suppose h*q = k*q - 30. List the prime factors of q.
2, 3
List the prime factors of 90*((-7)/(-2) + -3).
3, 5
Let p be (-2)/8 - 196/(-16). Suppose 0 = 4*o - 4*y - p, -2*y - 3*y - 9 = -3*o. List the prime factors of o.
3
Let a be (-2)/6 + (-3)/(-9). Let c = a + 0. Suppose 3*x = -c*x + 21. List the prime factors of x.
7
Suppose -d - h = -2*h - 6, -4*h = 2*d - 36. List the prime factors of d*(1 + (-1)/(-5)).
2, 3
Suppose -4*v - 24 = -3*p, 3*p - 2*p = -3*v - 18. Let b(w) = 1. Let i(x) = 2*x + 1. Let t(j) = -2*b(j) - i(j). List the prime factors of t(v).
3
Let s = -3 + 5. Suppose s*o + 10 = 0, -45 = -5*u - 4*o + 90. List the prim